e
Is 1035 a multiple of 45?
True
Is 4144 a multiple of 14?
True
Is 46 a factor of 3404?
True
Does 12 divide 12768?
True
Does 10 divide 1184?
False
Does 11 divide 1043?
False
Is 22 a factor of 355?
False
Does 39 divide 7566?
True
Is 2029 a multiple of 8?
False
Is 4116 a multiple of 28?
True
Is 3290 a multiple of 3?
False
Is 5076 a multiple of 9?
True
Does 193 divide 6696?
False
Is 10277 a multiple of 4?
False
Does 2 divide 238?
True
Is 203 a multiple of 29?
True
Is 6234 a multiple of 6?
True
Is 47 a factor of 16777?
False
Does 7 divide 19170?
False
Is 84 a factor of 18269?
False
Does 4 divide 368?
True
Is 5649 a multiple of 21?
True
Is 14416 a multiple of 136?
True
Is 1272 a multiple of 6?
True
Is 27489 a multiple of 49?
True
Does 8 divide 3024?
True
Is 468 a multiple of 26?
True
Does 35 divide 33845?
True
Is 3888 a multiple of 108?
True
Is 629 a multiple of 9?
False
Does 16 divide 13914?
False
Is 1509 a multiple of 3?
True
Does 35 divide 919?
False
Is 227 a multiple of 14?
False
Is 17 a factor of 1067?
False
Is 1267 a multiple of 2?
False
Is 16 even?
True
Is 462 a multiple of 21?
True
Is 36 a factor of 144?
True
Is 23 a factor of 19163?
False
Is 1315 a multiple of 38?
False
Is 37 a factor of 592?
True
Is 1081 a multiple of 23?
True
Is 30 a factor of 3210?
True
Is 407 a multiple of 8?
False
Does 88 divide 1584?
True
Does 56 divide 1462?
False
Is 10 a factor of 964?
False
Is 7 a factor of 8597?
False
Is 142 a factor of 9372?
True
Is 4686 a multiple of 2?
True
Is 20 a factor of 882?
False
Is 2 a factor of 2?
True
Is 3425 a multiple of 25?
True
Does 10 divide 7904?
False
Is 384 a multiple of 32?
True
Is 1653 a multiple of 57?
True
Is 4482 a multiple of 9?
True
Is 3277 a multiple of 73?
False
Is 14731 a multiple of 16?
False
Is 528 a multiple of 11?
True
Does 86 divide 106210?
True
Is 33 a multiple of 3?
True
Is 3 a factor of 5462?
False
Is 4563 a multiple of 61?
False
Is 5 a factor of 343?
False
Is 900 a multiple of 60?
True
Is 21 a factor of 7854?
True
Does 4 divide 19043?
False
Does 10 divide 1940?
True
Does 32 divide 397?
False
Is 14 a factor of 3612?
True
Does 188 divide 15416?
True
Is 36 a factor of 16812?
True
Does 54 divide 10098?
True
Is 11 a factor of 1111?
True
Does 26 divide 716?
False
Is 60 a multiple of 12?
True
Does 4 divide 2644?
True
Is 4944 a multiple of 48?
True
Is 27 a factor of 8856?
True
Is 23 a factor of 513?
False
Does 12 divide 9864?
True
Does 168 divide 65688?
True
Is 30 a factor of 10890?
True
Does 13 divide 18987?
False
Does 17 divide 1369?
False
Does 29 divide 1250?
False
Does 38 divide 507?
False
Is 76865 a multiple of 13?
False
Is 18994 a multiple of 8?
False
Does 58 divide 1566?
True
Is 15917 a multiple of 11?
True
Is 12 a factor of 288?
True
Is 16 a factor of 1328?
True
Is 45300 a multiple of 50?
True
Is 6178 even?
True
Is 7 a factor of 13069?
True
Does 2 divide 129?
False
Does 15 divide 3443?
False
Is 17160 a multiple of 14?
False
Is 45430 a multiple of 44?
False
Is 12 a factor of 1548?
True
Is 48 a factor of 4416?
True
Does 16 divide 1130?
False
Is 6574 a multiple of 85?
False
Is 6 a factor of 436?
False
Is 779 a multiple of 4?
False
Is 61 even?
False
Is 12 a factor of 4361?
False
Is 19 a factor of 25475?
False
Is 3990 a multiple of 7?
True
Is 9 a factor of 36837?
True
Does 21 divide 987?
True
Does 19 divide 332?
False
Does 22 divide 5403?
False
Does 105 divide 19530?
True
Is 3250 a multiple of 125?
True
Is 254 a factor of 36068?
True
Is 1437 a multiple of 30?
False
Is 1206 a multiple of 13?
False
Is 42360 a multiple of 257?
False
Is 129 a factor of 14472?
False
Does 14 divide 68?
False
Is 3 a factor of 516?
True
Is 1809 a multiple of 20?
False
Is 946 a multiple of 17?
False
Does 59 divide 590?
True
Does 32 divide 2048?
True
Is 14 a factor of 91868?
True
Does 38 divide 9120?
True
Is 398 a multiple of 56?
False
Is 150 a factor of 131577?
False
Does 18 divide 18?
True
Is 3446 a multiple of 35?
False
Is 25 a factor of 195?
False
Is 32828 a multiple of 283?
True
Does 17 divide 12886?
True
Is 62 a factor of 11597?
False
Is 46 a factor of 4273?
False
Is 5 a factor of 215?
True
Is 2029 a multiple of 86?
False
Is 72540 a multiple of 30?
True
Is 33 a factor of 726?
True
Does 7 divide 446?
False
Is 31 a factor of 3612?
False
Is 1777 a multiple of 14?
False
Is 46737 a multiple of 67?
False
Is 55 a factor of 45648?
False
Is 71 a factor of 9656?
True
Does 19 divide 475?
True
Does 35 divide 13304?
False
Is 1311 a multiple of 23?
True
Is 98 a factor of 9366?
False
Is 27 a factor of 5130?
True
Does 36 divide 72?
True
Is 7 a factor of 574?
True
Is 2015 a multiple of 31?
True
Is 6 a factor of 105714?
True
Does 16 divide 608?
True
Is 3588 a multiple of 14?
False
Is 2 a factor of 31?
False
Does 25 divide 11926?
False
Is 136 a factor of 23120?
True
Is 24354 a multiple of 41?
True
Is 31 a factor of 889?
False
Does 39 divide 20787?
True
Does 5 divide 65?
True
Does 22 divide 1870?
True
Does 17 divide 17?
True
Is 1071 a multiple of 6?
False
Is 1200 a multiple of 48?
True
Is 3779 a multiple of 13?
False
Does 88 divide 15792?
False
Does 6 divide 446?
False
Does 9 divide 29034?
True
Is 739 a multiple of 31?
False
Does 5 divide 7245?
True
Is 13 a factor of 2496?
True
Is 24053 a multiple of 12?
False
Does 10 divide 2561?
False
Does 41 divide 2035?
False
Does 2 divide 44?
True
Does 8 divide 212?
False
Is 876 a multiple of 20?
False
Does 8 divide 6614?
False
Does 4 divide 1951?
False
Is 3467 a multiple of 18?
False
Is 57 a factor of 1243?
False
Is 2281 a multiple of 36?
False
Does 26 divide 1289?
False
Is 5950 a multiple of 34?
True
Does 7 divide 72?
False
Does 32 divide 32?
True
Does 25 divide 4905?
False
Is 18496 a multiple of 136?
True
Is 59 a factor of 671?
False
Is 20 a multiple of 4?
True
Is 202 a factor of 50298?
True
Does 2 divide 54?
True
Is 11428 a multiple of 60?
False
Is 42688 a multiple of 58?
True
Is 604 a multiple of 13?
False
Is 3 a factor of 8390?
False
Is 16 a factor of 41664?
True
Does 5 divide 60820?
True
Is 376 a multiple of 4?
True
Is 10759 a multiple of 203?
True
Does 19 divide 1362?
False
Does 14 divide 12383?
False
Is 1024 a multiple of 32?
True
Is 232 a factor of 17702?
False
Is 12341 a multiple of 43?
True
Is 3210 a multiple of 6?
True
Is 1151 a multiple of 43?
False
Is 21 a factor of 11737?
False
Does 16 divide 3514?
False
Is 1960 a multiple of 140?
True
Is 864 a multiple of 16?
True
Is 30 a factor of 4830?
True
Is 15 a factor of 2136?
False
Is 3 a factor of 21507?
True
Is 1648 a multiple of 23?
False
Is 13482 a multiple of 63?
True
Does 74 divide 1757?
False
Does 102 divide 17544?
True
Is 30316 a multiple of 44?
True
Is 24 a factor of 2520?
True
Does 5 divide 5075?
True
Is 464 a multiple of 8?
True
Is 15 a factor of 105?
True
Does 15 divide 4572?
False
Is 17 a factor of 3915?
False
Does 16 divide 124363?
False
Is 30 a factor of 11223?
False
Is 9 a factor of 17744?
False
Does 88 divide 24953?
False
Is 18 a factor of 1584?
True
Does 131 divide 8908?
True
Is 1548 a multiple of 12?
True
Is 12 a factor of 21324?
True
Is 551 a multiple of 2?
False
Is 68 a factor of 2478?
False
Does 199 divide 5572?
True
Is 774 a multiple of 12?
False
Does 40 divide 18360?
True
Is 3 a factor of 1090?
False
Does 11 divide 135?
False
Does 98 divide 484?
False
Is 2706 a multiple of 15?
False
Does 20 divide 1218?
False
Does 37 divide 4551?
True
Is 3 a factor of 323?
False
Does 4 divide 10776?
True
Does 26 divide 3291?
False
Is 44847 a multiple of 74?
False
Is 16 a factor of 26544?
True
Is 1210 a multiple of 28?
False
Is 67 a factor of 1474?
True
Is 18178 a multiple of 79?
False
Does 123 divide 8333?
False
Does 23 divide 818?
False
Is 1657 a multiple of 48?
False
Is 261 a factor of 6525?
True
Is 674 a multiple of 7?
False
Is 727 a multiple of 98?
False
Is 43 a factor of 2980?
False
Is 80 a factor of 454?
False
Does 16 divide 8016?
True
Is 20319 a multiple of 11?
False
Does 3 divide 1265?
False
Does 4 divide 1487?
False
Is 1597 a multiple of 192?
False
Is 675 a multiple of 15?
True
Does 4 divide 118?
False
Is 14659 a multiple of 16?
False
Does 51 divide 357?
True
Is 65 a factor of 7800?
True
Does 12 divide 5487?
False
Does 22 divide 3421?
False
Does 26 divide 1768?
True
Is 170 a multiple of 17?
True
Is 57 a factor of 96?
False
Is 7 a factor 